mainder when 2497 is divided by 42?
19
What is the remainder when 177 is divided by 91?
86
What is the remainder when 695 is divided by 49?
9
Calculate the remainder when 124 is divided by 40.
4
Calculate the remainder when 3128 is divided by 18.
14
Calculate the remainder when 268 is divided by 16.
12
What is the remainder when 295 is divided by 36?
7
What is the remainder when 165 is divided by 28?
25
What is the remainder when 41 is divided by 36?
5
What is the remainder when 762 is divided by 96?
90
Calculate the remainder when 369 is divided by 31.
28
What is the remainder when 220 is divided by 8?
4
What is the remainder when 711 is divided by 21?
18
Calculate the remainder when 628 is divided by 79.
75
Calculate the remainder when 612 is divided by 44.
40
Calculate the remainder when 5541 is divided by 84.
81
What is the remainder when 194 is divided by 90?
14
Calculate the remainder when 90 is divided by 13.
12
Calculate the remainder when 1845 is divided by 56.
53
What is the remainder when 227 is divided by 46?
43
What is the remainder when 86 is divided by 30?
26
Calculate the remainder when 1341 is divided by 251.
86
What is the remainder when 420 is divided by 53?
49
What is the remainder when 1026 is divided by 315?
81
Calculate the remainder when 254 is divided by 251.
3
Calculate the remainder when 244 is divided by 31.
27
Calculate the remainder when 279 is divided by 8.
7
What is the remainder when 1559 is divided by 20?
19
Calculate the remainder when 2707 is divided by 129.
127
Calculate the remainder when 85 is divided by 9.
4
Calculate the remainder when 65 is divided by 17.
14
What is the remainder when 204 is divided by 37?
19
Calculate the remainder when 274 is divided by 40.
34
Calculate the remainder when 9 is divided by 1.
0
Calculate the remainder when 64 is divided by 13.
12
Calculate the remainder when 3520 is divided by 322.
300
What is the remainder when 8797 is divided by 10?
7
Calculate the remainder when 243 is divided by 19.
15
Calculate the remainder when 187 is divided by 119.
68
What is the remainder when 380 is divided by 83?
48
What is the remainder when 64 is divided by 36?
28
Calculate the remainder when 4954 is divided by 84.
82
Calculate the remainder when 42 is divided by 11.
9
Calculate the remainder when 366 is divided by 74.
70
Calculate the remainder when 80 is divided by 21.
17
Calculate the remainder when 4053 is divided by 39.
36
What is the remainder when 201 is divided by 58?
27
What is the remainder when 1100 is divided by 16?
12
Calculate the remainder when 541 is divided by 176.
13
What is the remainder when 250 is divided by 115?
20
Calculate the remainder when 60 is divided by 15.
0
Calculate the remainder when 213 is divided by 74.
65
What is the remainder when 353 is divided by 53?
35
What is the remainder when 661 is divided by 17?
15
What is the remainder when 18335 is divided by 173?
170
Calculate the remainder when 39 is divided by 24.
15
What is the remainder when 57 is divided by 2?
1
What is the remainder when 225 is divided by 38?
35
What is the remainder when 313 is divided by 61?
8
What is the remainder when 67 is divided by 33?
1
Calculate the remainder when 78 is divided by 16.
14
Calculate the remainder when 1284 is divided by 11.
8
Calculate the remainder when 49 is divided by 21.
7
Calculate the remainder when 111 is divided by 16.
15
What is the remainder when 237 is divided by 42?
27
Calculate the remainder when 92 is divided by 39.
14
What is the remainder when 327 is divided by 69?
51
What is the remainder when 742 is divided by 366?
10
Calculate the remainder when 137 is divided by 81.
56
Calculate the remainder when 141 is divided by 24.
21
What is the remainder when 796 is divided by 259?
19
What is the remainder when 527 is divided by 53?
50
What is the remainder when 59 is divided by 45?
14
Calculate the remainder when 3329 is divided by 15.
14
What is the remainder when 305 is divided by 62?
57
Calculate the remainder when 419 is divided by 36.
23
Calculate the remainder when 610 is divided by 178.
76
What is the remainder when 555 is divided by 68?
11
Calculate the remainder when 460 is divided by 66.
64
Calculate the remainder when 719 is divided by 18.
17
What is the remainder when 4766 is divided by 19?
16
Calculate the remainder when 357 is divided by 30.
27
What is the remainder when 466 is divided by 12?
10
Calculate the remainder when 7587 is divided by 22.
19
Calculate the remainder when 360 is divided by 47.
31
What is the remainder when 71 is divided by 4?
3
Calculate the remainder when 1294 is divided by 119.
104
Calculate the remainder when 753 is divided by 9.
6
Calculate the remainder when 3776 is divided by 108.
104
What is the remainder when 616 is divided by 63?
49
What is the remainder when 7345 is divided by 150?
145
Calculate the remainder when 86 is divided by 44.
42
Calculate the remainder when 464 is divided by 2.
0
Calculate the remainder when 2001 is divided by 143.
142
Calculate the remainder when 345 is divided by 11.
4
Calculate the remainder when 28 is divided by 18.
10
Calculate the remainder when 784 is divided by 46.
2
What is the remainder when 303 is divided by 38?
37
What is the remainder when 145 is divided by 113?
32
Calculate the remainder when 160 is divided by 21.
13
Calculate the remainder when 141 is divided by 58.
25
Calculate the remainder when 92 is divided by 39.
14
What is the remainder when 2372 is divided by 113?
112
What is the remainder when 343 is divided by 102?
37
What is the remainder when 807 is divided by 395?
17
Calculate the remainder when 174 is divided by 36.
30
What is the remainder when 596 is divided by 97?
14
What is the remainder when 181 is divided by 13?
12
Calculate the remainder when 86 is divided by 51.
35
What is the remainder when 751 is divided by 237?
40
Calculate the remainder when 102 is divided by 40.
22
Calculate the remainder when 132 is divided by 46.
40
Calculate the remainder when 166 is divided by 100.
66
Calculate the remainder when 72 is divided by 69.
3
Calculate the remainder when 358 is divided by 54.
34
Calculate the remainder when 319 is divided by 18.
13
What is the remainder when 31599 is divided by 229?
226
What is the remainder when 629 is divided by 86?
27
Calculate the remainder when 273 is divided by 87.
12
Calculate the remainder when 466 is divided by 48.
34
Calculate the remainder when 542 is divided by 78.
74
Calculate the remainder when 670 is divided by 177.
139
Calculate the remainder when 2155 is divided by 83.
80
Calculate the remainder when 122 is divided by 33.
23
What is the remainder when 643 is divided by 144?
67
Calculate the remainder when 426 is divided by 101.
22
Calculate the remainder when 2943 is divided by 15.
3
What is the remainder when 14 is divided by 7?
0
Calculate the remainder when 642 is divided by 635.
7
Calculate the remainder when 201 is divided by 55.
36
Calculate the remainder when 243 is divided by 19.
15
Calculate the remainder when 293 is divided by 22.
7
Calculate the remainder when 568 is divided by 140.
8
Calculate the remainder when 466 is divided by 12.
10
Calculate the remainder when 1598 is divided by 266.
2
Calculate the remainder when 653 is divided by 7.
2
Calculate the remainder when 1074 is divided by 116.
30
Calculate the remainder when 4876 is divided by 37.
29
Calculate the remainder when 296 is divided by 106.
84
Calculate the remainder when 70 is divided by 44.
26
What is the remainder when 2439 is divided by 102?
93
Calculate the remainder when 59 is divided by 44.
15
What is the remainder when 20583 is divided by 282?
279
What is the remainder when 44 is divided by 16?
12
What is the remainder when 227 is divided by 115?
112
Calculate the remainder when 304 is divided by 44.
40
What is the remainder when 1501 is divided by 96?
61
What is the remainder when 223 is divided by 76?
71
Calculate the remainder when 289 is divided by 42.
37
What is the remainder when 73 is divided by 2?
1
Calculate the remainder when 132 is divided by 33.
0
Calculate the remainder when 54 is divided by 5.
4
Calculate the remainder when 112 is divided by 15.
7
What is the remainder when 149 is divided by 14?
9
What is the r